731?
140731
What are the prime factors of 8247219?
3, 349, 7877
What are the prime factors of 1804781?
11, 164071
What are the prime factors of 15042563?
15042563
What are the prime factors of 327210?
2, 3, 5, 13, 839
List the prime factors of 15629707.
97, 269, 599
List the prime factors of 5146272.
2, 3, 107, 167
What are the prime factors of 901878?
2, 3, 83, 1811
What are the prime factors of 18766889?
19, 41, 24091
What are the prime factors of 276736?
2, 23, 47
List the prime factors of 16813026.
2, 3, 934057
What are the prime factors of 1992313?
41, 48593
List the prime factors of 9340.
2, 5, 467
What are the prime factors of 260068?
2, 79, 823
List the prime factors of 184388.
2, 31, 1487
What are the prime factors of 14060113?
59, 238307
List the prime factors of 926227.
926227
List the prime factors of 427805.
5, 7, 17, 719
What are the prime factors of 866437?
11, 13, 73, 83
What are the prime factors of 15108654?
2, 3, 11, 23, 37, 269
What are the prime factors of 7584734?
2, 3792367
What are the prime factors of 1593113?
941, 1693
What are the prime factors of 117470?
2, 5, 17, 691
List the prime factors of 2703765.
3, 5, 17, 23, 461
List the prime factors of 2541235.
5, 419, 1213
What are the prime factors of 24743503?
24743503
What are the prime factors of 6543?
3, 727
What are the prime factors of 15389802?
2, 3, 139, 6151
What are the prime factors of 14376?
2, 3, 599
List the prime factors of 123395.
5, 23, 29, 37
What are the prime factors of 2009868?
2, 3, 7, 71, 337
What are the prime factors of 703163?
29, 24247
List the prime factors of 392218.
2, 67, 2927
List the prime factors of 23871029.
7, 13, 277, 947
What are the prime factors of 216280?
2, 5, 5407
What are the prime factors of 658720?
2, 5, 23, 179
What are the prime factors of 444572?
2, 111143
What are the prime factors of 64983?
3, 21661
What are the prime factors of 263575?
5, 13, 811
List the prime factors of 1294146.
2, 3, 7, 10271
What are the prime factors of 1163770?
2, 5, 29, 4013
List the prime factors of 21712122.
2, 3, 1206229
List the prime factors of 11470511.
13, 313, 2819
List the prime factors of 248973.
3, 37, 2243
List the prime factors of 2256870.
2, 3, 5, 7, 11, 977
What are the prime factors of 20656610?
2, 5, 13, 19, 8363
What are the prime factors of 586521?
3, 13, 557
What are the prime factors of 8624891?
11, 784081
List the prime factors of 5342019.
3, 43, 41411
List the prime factors of 839206.
2, 419603
What are the prime factors of 177712?
2, 29, 383
What are the prime factors of 1414113?
3, 19, 24809
List the prime factors of 125775.
3, 5, 13, 43
List the prime factors of 222682.
2, 111341
What are the prime factors of 1602729?
3, 37, 4813
List the prime factors of 1559715.
3, 5, 103981
What are the prime factors of 1658961?
3, 6827
What are the prime factors of 640342?
2, 353, 907
List the prime factors of 108321.
3, 36107
List the prime factors of 855564.
2, 3, 83, 859
List the prime factors of 1541236.
2, 373, 1033
List the prime factors of 563562.
2, 3, 131, 239
List the prime factors of 2196359.
11, 199669
What are the prime factors of 212749?
41, 5189
List the prime factors of 56332.
2, 14083
List the prime factors of 975556.
2, 243889
List the prime factors of 567891.
3, 19, 41
What are the prime factors of 3194627?
67, 47681
List the prime factors of 9971550.
2, 3, 5, 22159
List the prime factors of 1525994.
2, 89, 8573
List the prime factors of 8928952.
2, 193, 5783
What are the prime factors of 8988158?
2, 4494079
List the prime factors of 101785.
5, 20357
List the prime factors of 1963272.
2, 3, 179, 457
List the prime factors of 467434.
2, 11, 21247
List the prime factors of 819590.
2, 5, 41, 1999
What are the prime factors of 255962?
2, 7, 47, 389
List the prime factors of 1810093.
29, 62417
List the prime factors of 73130.
2, 5, 71, 103
List the prime factors of 2005204.
2, 31, 103, 157
List the prime factors of 42664.
2, 5333
List the prime factors of 292901.
7, 41843
List the prime factors of 56712.
2, 3, 17, 139
List the prime factors of 40504.
2, 61, 83
List the prime factors of 6266580.
2, 3, 5, 19, 23, 239
List the prime factors of 930116.
2, 11, 21139
What are the prime factors of 1312215?
3, 5, 87481
List the prime factors of 6791898.
2, 3, 337, 3359
What are the prime factors of 3616374?
2, 3, 602729
List the prime factors of 3678684.
2, 3, 41, 7477
What are the prime factors of 242897?
293, 829
List the prime factors of 18042337.
41, 101, 4357
List the prime factors of 102309.
3, 67, 509
List the prime factors of 342308.
2, 85577
List the prime factors of 220956.
2, 3, 18413
What are the prime factors of 375106?
2, 37, 137
What are the prime factors of 8673753?
3, 11, 67, 3923
List the prime factors of 7127783.
13, 548291
What are the prime factors of 1670152?
2, 11, 18979
List the prime factors of 7476464.
2, 17, 27487
What are the prime factors of 1680691?
1033, 1627
List the prime factors of 225089.
225089
List the prime factors of 792149.
17, 2741
What are the prime factors of 9550906?
2, 17, 280909
What are the prime factors of 129483?
3, 14387
List the prime factors of 189.
3, 7
List the prime factors of 5067515.
5, 1013503
List the prime factors of 777713.
733, 1061
What are the prime factors of 103113?
3, 19, 67
List the prime factors of 580835.
5, 116167
What are the prime factors of 50183?
7, 67, 107
What are the prime factors of 2151032?
2, 13, 37, 43
What are the prime factors of 5038920?
2, 3, 5, 13997
What are the prime factors of 2717906?
2, 1358953
List the prime factors of 578815.
5, 115763
List the prime factors of 15004654.
2, 7, 1071761
What are the prime factors of 5300610?
2, 3, 5, 7, 43, 587
What are the prime factors of 516894?
2, 3, 7, 31, 397
What are the prime factors of 318990?
2, 3, 5, 7, 31
List the prime factors of 10483901.
101, 103801
List the prime factors of 70860.
2, 3, 5, 1181
What are the prime factors of 309206?
2, 19, 79, 103
List the prime factors of 4934510.
2, 5, 7, 157, 449
What are the prime factors of 7831376?
2, 7, 1427
What are the prime factors of 997984?
2, 13, 2399
What are the prime factors of 399723?
3, 133241
What are the prime factors of 29191811?
11, 2653801
What are the prime factors of 106100?
2, 5, 1061
What are the prime factors of 1144960?
2, 5, 1789
What are the prime factors of 256728?
2, 3, 19, 563
List the prime factors of 140787.
3, 15643
List the prime factors of 3810593.
37, 181, 569
What are the prime factors of 8654911?
43, 431, 467
What are the prime factors of 9728976?
2, 3, 157, 1291
What are the prime factors of 621760?
2, 5, 29, 67
List the prime factors of 64870.
2, 5, 13, 499
List the prime factors of 12037936.
2, 43, 17497
List the prime factors of 12145551.
3, 11, 368047
List the prime factors of 151785.
3, 5, 3373
List the prime factors of 2866827.
3, 547, 1747
List the prime factors of 198485.
5, 7, 53, 107
List the prime factors of 24052662.
2, 3, 733, 1823
What are the prime factors of 123374?
2, 61687
List the prime factors of 209891.
11, 19081
What are the prime factors of 99828?
2, 3, 47, 59
What are the prime factors of 261565?
5, 52313
List the prime factors of 501634.
2, 7, 35831
List the prime factors of 8387889.
3, 2795963
What are the prime factors of 1504888?
2, 7, 11, 349
List the prime factors of 160454.
2, 7, 73, 157
List the prime factors of 419362.
2, 307, 683
List the prime factors of 1968188.
2, 492047
List the prime factors of 353027.
23, 15349
List the prime factors of 8606789.
8606789
List the prime factors of 272168.
2, 13, 2617
What are the prime factors of 3114182?
2, 1557091
What are the prime factors of 2806827?
3, 53, 127, 139
What are the prime factors of 959168?
2, 7, 2141
What are the prime factors of 7922472?
2, 3, 330103
What are the prime factors of 18362138?
2, 37, 248137
What are the prime factors of 4551158?
2, 103, 22093
List the prime factors of 1196645.
5, 239329
What are the prime factors of 3197583?
3, 118429
List the prime factors of 2845352.
2, 355669
What are the prime factors of 14654919?
3, 1777, 2749
What are the prime factors of 6090151?
379, 16069
List the prime factors of 1012546.
2, 347, 1459
What are the prime factors of 1290385?
5, 17, 19, 47
List the prime factors of 8